 z - 5*z. Suppose 3*g = z*j + 8*g - 150, 0 = 2*j + 3*g - 55. What is the highest common divisor of o and j?
5
Suppose 4 = 6*l - 5*l. Suppose -d = -n + 44 + 35, -5*n = 3*d - 411. Let h be n/4 - 2/8. Calculate the greatest common factor of h and l.
4
Let f(j) = j**3 - 3*j**2 - 4*j + 5. Let t be f(4). Let m = 46 + -66. Let r = m - -30. What is the greatest common factor of r and t?
5
Let q(f) = -6*f - 25. Let n(d) = -3*d - 12. Let u(g) = 5*n(g) - 2*q(g). Let v = -18 - -10. Let i be u(v). Calculate the greatest common divisor of 126 and i.
14
Suppose -12 = 11*z - 694. Calculate the greatest common factor of z and 434.
62
Let t be (-143)/(-26) - 2/(-4). Calculate the highest common divisor of t and 30.
6
Suppose -19*b + 24*b = 95. What is the greatest common divisor of b and 38?
19
Suppose -3*y = y + 4*w + 4, -3*y = w - 3. Let g be -1*y/(4/(-54)). What is the greatest common divisor of 18 and g?
9
Suppose 5*j - 6 - 39 = 0. What is the greatest common divisor of 9 and j?
9
Suppose 34 + 54 = 4*t. Calculate the greatest common divisor of 242 and t.
22
Let g(d) = d**2 - 2*d + 2. Let m be g(3). Let i = -12 - -22. What is the greatest common factor of i and m?
5
Suppose 0 = -5*s + 22 + 8. Suppose d + 1 = s. What is the highest common divisor of 25 and d?
5
Let r = -20 + 47. Suppose -2*v = 2*i - 10 - 4, -5*v + r = -3*i. What is the highest common factor of v and 54?
6
Let f = -64 - -317. Calculate the greatest common factor of 23 and f.
23
Let h(t) = -t + 4*t - t - 4 - t. Let o be h(6). Calculate the highest common divisor of 2 and o.
2
Let b be 4 - (4 - 0)/2. Suppose -b*i - 3*i + 20 = 0. Suppose 15 = -3*t + i*t. What is the greatest common divisor of t and 120?
15
Let d(i) = i**2 + 5*i. Let g be d(-6). Suppose -4*k = -g*k + 10. Suppose -6*f + k*s + 55 = -f, -11 = -f + 5*s. Calculate the greatest common factor of f and 55.
11
Let q(w) = w + 1. Suppose 0 = 4*n - 0*n + 8. Let l be q(n). Let p be -3 - -5 - (l + 0). What is the greatest common factor of 2 and p?
1
Let x be (-7 - 1)*336/(-12). Calculate the greatest common divisor of 32 and x.
32
Suppose -2*f + 206 = 5*n - 4*f, -n - 4*f + 28 = 0. What is the highest common divisor of n and 30?
10
Suppose -80 = -4*c - 8. Let j be ((-1)/3)/((-2)/c). Calculate the greatest common factor of j and 1.
1
Let z = 12 - 25. Let i = z + 21. Let f be (-2)/i + 106/8. Calculate the greatest common factor of 39 and f.
13
Let j(t) = 3*t - 3. Let x = -11 - -15. Let s be j(x). Let k(o) = -10*o - 3. Let f be k(-3). Calculate the greatest common divisor of s and f.
9
Let i be (3/4)/(1/8). Let k be ((-18)/(-8))/(i/112). What is the highest common divisor of 6 and k?
6
Let h = -16 - -28. Let f be (-9)/h*(2 - 30). What is the highest common divisor of f and 168?
21
Suppose 3*g - 5*g = -130. What is the greatest common divisor of 26 and g?
13
Let x be 60/(-25) + (-3)/5. Let c be 0 - -1 - (x - -2). Suppose 5*h - 50 = -5*k, c*k + 15 = 4*h + 5. What is the greatest common factor of 35 and h?
5
Suppose x + 5 = -r, 0*x - 4*r = -4*x - 4. Let k be 114/8 + x/12. Let h = -74 - -144. Calculate the highest common factor of k and h.
14
Suppose -19 = -4*n + 13. Calculate the greatest common divisor of n and 72.
8
Let l = -8 + 28. Let m(g) = 247*g**2 - 4*g + 1. Let r be m(-3). Let c be 10/35 + r/14. What is the highest common factor of c and l?
20
Suppose -4*k = -44 - 56. Let o = -20 + 30. Calculate the highest common divisor of k and o.
5
Let v be 3/(5/(-2 - -47)). What is the highest common factor of 54 and v?
27
Let q = 82 + -52. Suppose -q = -0*f - f. Calculate the greatest common factor of f and 6.
6
Suppose -15*r = -28*r + 39. Let m be 6/15 + (-18)/(-5). Suppose 0 = -m*v + 2*c + 66, 90 = 5*v - 3*c - 2*c. What is the greatest common factor of r and v?
3
Let k be (28/10)/((-1)/5). Let q = -8 - k. Let g be (5/5 - 0) + 53. Calculate the greatest common divisor of g and q.
6
Suppose -1 + 4 = c. Calculate the greatest common divisor of c and 9.
3
Let i(f) = -3*f + 5. Suppose 2*x = -2*k - 20 + 8, 2*x - 3*k = -27. Let v be i(x). Calculate the highest common factor of 16 and v.
16
Suppose -222 = -4*v + v. Let b = 180 - v. Suppose -4*l = 2*z - 3*l - 122, 2*z + 5*l = b. Calculate the greatest common divisor of 7 and z.
7
Let c(x) = -1 + 19*x**2 + 3*x + 4*x**2 - 3*x - x. Let r be c(-1). What is the highest common factor of r and 161?
23
Suppose -42 = -y - t, y - 3*t = 5 + 37. What is the highest common factor of 420 and y?
42
Let s = -94 + 56. Let d = s - -98. Suppose 2*t - r + 2*r - 14 = 0, 2*r - 4 = 0. Calculate the greatest common factor of d and t.
6
Let i be (0 + 1)*(-1 + 4). Let r(q) = -q - 10*q**i - 16*q**3 - q**2 - q**3. Let h be r(-1). What is the greatest common factor of 3 and h?
3
Let f = 35 - 186. Let n = 298 + f. Suppose 0 = 3*i + i - 84. What is the greatest common divisor of n and i?
21
Suppose 2*i + 2*t + 2 + 6 = 0, -2*i = -2*t + 8. Let l be i/(-10) + (-114)/(-15). What is the highest common divisor of 16 and l?
8
Suppose -4*m - 6 = -3*v - 2, 0 = 4*v + m - 18. Suppose -6*p = -4*p - 8. Calculate the greatest common divisor of v and p.
4
Let m be ((-3)/(-2))/(6/136). Suppose d = -u - m, -d - 47 = d - 5*u. Let n be (-1 + 2)*(-5 - d). Calculate the greatest common divisor of 65 and n.
13
Let c = -130 - -218. Suppose s - 20 = -m - 3*m, -m - 13 = -2*s. What is the highest common factor of c and s?
8
Let b(k) = k**2 + 5*k + 4. Let j be b(-4). Suppose j = -p - 9 + 24. Calculate the greatest common divisor of 45 and p.
15
Let s = -109 - -179. Calculate the greatest common divisor of 28 and s.
14
Suppose -5*v + 75 = -3*t, -18 = -3*v - 4*t - 2. What is the highest common divisor of 6 and v?
6
Let m be (-279)/(-12) - 6/(-8). What is the greatest common factor of m and 36?
12
Let z(c) = -11*c - 61. Let o be z(-8). What is the highest common factor of o and 18?
9
Let z be 2/6 + 257/3. Let y = z - 22. What is the highest common divisor of y and 16?
16
Suppose -4*y + 2*n + 10 = -0*y, 3*y + n - 10 = 0. Suppose 2*u - u - 44 = y*l, -l = 4*u - 111. What is the greatest common divisor of 87 and u?
29
Let l(n) = -n**3 + 5*n**2 - 5*n + 2. Let m be l(4). Let p be -10*(56/(-20) - m). Calculate the greatest common divisor of p and 4.
4
Let t be (-549)/(-81) - 2/(-9). What is the highest common factor of 7 and t?
7
Suppose 9 - 3 = -3*s, -5*i + 3*s = -56. Calculate the greatest common divisor of 80 and i.
10
Let d be -1*1*(6 - 6). Suppose -5*i - 420 = -10*i + 5*o, 4*i - 2*o - 328 = d. What is the greatest common divisor of i and 20?
20
Let k = -17 - -17. Suppose k = -0*c - 3*c + 15, 3*c = -4*p + 367. Let f be (4/3)/(2/12). Calculate the highest common divisor of f and p.
8
Let z(d) = d**2 - d + 7. Let l be z(8). What is the highest common divisor of 9 and l?
9
Suppose 4*i - 2*i - 4 = 0. Suppose 0*p = -3*q - p + 2, -p = -i. Suppose q*z + 3*z - 39 = 0. What is the highest common divisor of 91 and z?
13
Let g = -61 - -93. Suppose p - 12 = -g. Let b be (-19)/(-4) + (-5)/p. What is the highest common divisor of b and 5?
5
Let w(d) = d**3 - 6*d**2 + d - 1. Let v be w(5). Let c = 33 - v. Calculate the highest common factor of 18 and c.
18
Let i = 82 + -32. Suppose -x + 3 = -2*m - 11, 4*x - 77 = m. What is the greatest common divisor of i and x?
10
Let z be (2*-28)/(7 + -9). What is the greatest common factor of 56 and z?
28
Let d = -12 - -145. Let s = d + -53. What is the highest common factor of 10 and s?
10
Let y(l) = -l**3 - l + 2. Let p be y(-2). Calculate the highest common divisor of 20 and p.
4
Suppose -7*s = -5*s - 506. Calculate the greatest common divisor of 23 and s.
23
Let z(t) = -2*t - 2. Let p be z(-6). Calculate the greatest common factor of p and 30.
10
Suppose -5*o + 20 = m, 2*m - o = 3*m - 16. Let j be 9/(-6)*12/(-9). Let p be 58/4 - (-1)/j. Calculate the greatest common factor of m and p.
15
Let d(n) = -12*n. Let g = -20 - -18. Let v be d(g). Let b(q) = -3*q - 2. Let a be b(-6). Calculate the highest common divisor of v and a.
8
Suppose p = -2*p, 20 = 5*q + p. Suppose -q*l = 2*z - 3*z - 41, l - z - 8 = 0. Let h = -62 - -117. Calculate the highest common factor of l and h.
11
Let w(s) = -s + 1. Let o be w(5). Let p be 104*1/o*-2. Suppose -3*n = 8*l - 4*l - p, 2*l + 2*n = 28. Calculate the greatest common factor of l and 80.
10
Suppose -5*b + 3*b = 